2. Let s(f) = j(f) + 2*r(f). Give s(1).
129
Let n = -1 - -1. Let z(l) be the third derivative of -l**7/2520 + l**5/30 - 163*l**4/24 + 41*l**2. Let o(b) be the second derivative of z(b). Determine o(n).
4
Let t(n) be the second derivative of -n**5/20 - n**4 - 13*n**3/6 + 11*n**2 - 14489*n. Give t(-11).
44
Let s(w) = w**3 - 7*w**2 + 5*w + 10. Let h be s(6). Suppose h*q = b + 4, 3*q + 2*b = -0*b + 14. Let f(j) = j - 4*j - 4*j - q. Calculate f(2).
-16
Let z(w) = w**3 + 11*w**2 + 31*w + 30. Suppose 4284*r = 4296*r + 84. Give z(r).
9
Let a be (9 - 1)/1 - 2. Let x be (-3 + -1 + -1)/(6/(-66)). Let i(v) = -v**2 - x*v + 120*v - 6 - 59*v. Determine i(a).
-6
Suppose 28*i - 7*i - 232 = -37*i. Let n(z) be the first derivative of -z**3/3 + 6*z + 5. Calculate n(i).
-10
Let t be (-5)/(245/(-42))*84/18. Let k(b) be the first derivative of 1/4*b**4 + 5/2*b**2 - t*b - 41 + 2*b**3. Give k(-5).
-4
Let n(q) be the first derivative of 1/2*q**2 - 141 - 1/4*q**4 + 2*q - 5/3*q**3. Give n(-5).
-3
Let j(x) = 16*x**2 - 10*x + 70. Let f(k) = -3*k**2 + 2*k - 14. Let m be ((-1)/(-1))/((-19)/(-38)). Let d(o) = m*j(o) + 11*f(o). Determine d(0).
-14
Suppose -3*i - 366 = -q - 2*q, i = -q + 126. Let f(g) = -q*g - 5*g**2 + 123*g + g**2. Give f(-1).
-3
Let j = 75 + -36. Let y(p) = -4 + 22*p**3 - j*p**3 + 16*p**3 - p**2. Suppose -2*v - 8 = -2*r, -2*v - 4 = -4*r - v. Give y(r).
-4
Let l(x) = 2*x**3 + 3*x**2 - 8*x - 16. Suppose -4*g + 21608 - 21620 = 0. Give l(g).
-19
Let j(z) = -8237 - 2*z**2 - 96*z**3 + 16482 - 8247 + 3*z. What is j(1)?
-97
Let i(v) = -6*v**2 + 24*v**3 + 38*v**3 + 5*v - 63*v**3 - 5*v + 4 - 6*v. What is i(-3)?
-5
Let j(k) = k**3 - 17*k**2 + 32*k - 37. Let r be (-3 - -4)*(25 + -10). Calculate j(r).
-7
Let t = 1850 - 1864. Let f(i) = -i**3 - 14*i**2 - 4*i - 8. Calculate f(t).
48
Let h(u) = -2. Let l(r) = -13*r**2 - 2*r - 11. Let o(p) = -6*h(p) + l(p). Let q(f) = 37*f**2 + 7*f. Let n(c) = 17*o(c) + 6*q(c). Calculate n(-5).
2
Let v be (18/(-21))/(15/140*-2). Suppose 24 = -v*t - g - 4, 5*t + 36 = -g. Let a(c) = -2*c. Let s(b) = -5*b + 1. Let r(n) = -8*a(n) + 3*s(n). Calculate r(t).
-5
Let t(s) be the third derivative of s**6/120 - 5*s**5/12 + 47*s**4/24 - 5*s**3/2 + 1678*s**2. Determine t(23).
8
Let f(b) = b**3 - 8*b**2 - 4*b + 15. Suppose 8*l - 25 = 31. Determine f(l).
-62
Suppose -3 = 4*t - 7*t. Suppose -c = -18*p + 17*p - 13, -3*p = 5*c - t. Let y(w) = w**3 + 7*w**2 - 9*w - 5. Determine y(p).
3
Let f(c) be the first derivative of 12*c - 1/3*c**3 - 37 + 7/2*c**2. Give f(9).
-6
Let d(x) be the first derivative of x**4/12 - 2*x**2 - 75*x - 82. Let y(w) be the first derivative of d(w). Determine y(-3).
5
Let d(h) = -22903*h - 2 + 45713*h - 22901*h. Calculate d(-1).
89
Let f(o) be the first derivative of o**3/3 - 13*o**2/2 - 64*o - 541. Give f(17).
4
Suppose 15*h - 23*h + 376 = 0. Suppose 42*b + 11 = -3*l + h*b, 5*l - 5*b + 15 = 0. Let q(a) = 4*a + 5. Calculate q(l).
-3
Let l(m) = -12*m**2 - 19 + 501*m**3 + 514*m**3 - 1014*m**3 + 35*m. Calculate l(8).
5
Let h(c) = 34*c**2 - 47*c + 35. Let s(f) = 9*f**2 - 12*f + 9. Let g(p) = 4*h(p) - 15*s(p). What is g(5)?
-10
Let x(k) be the first derivative of -k**4/4 + 4*k**3 - 17*k**2/2 - 9*k + 3748. Determine x(10).
21
Let y(h) be the third derivative of h**5/60 + 19*h**4/24 - 8*h**3 + 7*h**2 + 101*h. Determine y(-20).
-28
Let g(f) be the first derivative of 2*f**2 - 5*f + 1. Suppose 3*s - 15*o = -12*o - 156, -5*o - 260 = 5*s. Let r be 4*(-2)/s + 76/13. Determine g(r).
19
Let u(h) be the second derivative of -h**5/20 - 5*h**4/12 + h**3/2 - 13*h**2/2 + 4*h. Suppose s = -9*n - 33, 3*s - 14*n + 11*n + 9 = 0. Determine u(s).
5
Let y be (3 + (-36)/14)/((-1)/(-7)). Let a(s) = 9*s + 14*s + y*s - 12*s - 1. Determine a(-1).
-15
Let h(y) = -14*y**2 + 1. Suppose -4 = 18*z - 0 - 22. Calculate h(z).
-13
Suppose -26 = -2*t + 5*w, -w + 5 = 2*t + 15. Let l(q) = -2*q**2 - 25*q - 57. Determine l(t).
-15
Let c(y) = -5*y**3 + 282*y**2 + 168*y + 165. Let g be c(57). Let s(x) = -4*x + 1. Let p(h) = -1. Let n(t) = p(t) - s(t). What is n(g)?
-26
Let m(f) = 11*f + 110. Let t(z) = -252*z + 19901. Let u be t(79). Give m(u).
33
Let b(v) be the first derivative of v**6/360 + v**5/20 - v**4/24 - 28*v**3/3 + 32. Let c(w) be the third derivative of b(w). Give c(-4).
-9
Let y(b) be the first derivative of -2*b**3/3 - b**2/2 + 2*b + 5. Suppose -5*n - 386 = 4*k, -6*n - 2 = -5*n. Let i = k + 92. Calculate y(i).
-4
Let p(v) = -v**3 - 9*v**2 - 8*v - 6. Suppose -73*j = 373 - 154. Calculate p(j).
-36
Suppose 250*s = 274*s - 48. Let z(y) be the third derivative of 7*y**4/12 + y**3/3 - 7*y**2. Calculate z(s).
30
Suppose 6*l = 92*l + 60*l - 146. Let m(w) = -3 + 4*w - 3*w + 6*w**3 + 2*w - w**2. Give m(l).
5
Let j be ((-446)/6)/(24/(-72)). Let c = j - 222. Let l(g) = -g + g - 6*g**2. What is l(c)?
-6
Let n(h) = h**3 - 54302*h + 27153*h - 34*h**2 + 27147*h + 63. Give n(34).
-5
Let b = -3 - -5. Let u(a) = -a**3 + 2*a**3 + 0*a**2 - 3*a**b + 3 - 5*a. Let l be (8 - 13)*5/25*-4. What is u(l)?
-1
Let x(g) = g**3 + 3*g**2 - 12*g + 9. Let q be x(0). Let b(y) = -y**2 + 9*y - 6. Calculate b(q).
-6
Suppose 36 + 48 = 12*z. Let j(p) = -p**3 + 6*p**2 + 12*p - 27. Determine j(z).
8
Let z(x) = 3*x - 6. Let b be z(3). Let a(d) = -d**b - 7*d**3 - d + 1 - d**2 + 11*d**3. Determine a(1).
2
Let d(b) = 5*b - 83. Let a be d(14). Let v(n) = -n**3 - 10*n**2 + 41*n + 31. Determine v(a).
5
Let n(p) = -p - 17. Let a be (-5)/((-4)/16*4). Let h(y) = 2*y + 21. Let c(d) = a*n(d) + 4*h(d). Give c(5).
14
Let c(f) = -f**2 - f + 23. Let a(d) = -5*d - 2*d - 5 - 1 + 4*d. Let j be a(-2). Determine c(j).
23
Let m(v) = 5*v - 8. Let i(y) = 7*y - 9. Let a(o) = -o**3 - 9*o**2 - 9*o - 12. Let f be a(-8). Let s(d) = f*m(d) + 3*i(d). Give s(-8).
-3
Suppose 5*v - 5*w = 5, v - 12 = -3*w + 1. Let s be ((-2)/5)/((-28)/210). Let l(c) = -29*c + 30*c - c**2 - 1 + 3*c**s - v - 2*c**3. What is l(0)?
-5
Let n = -41793 + 41799. Let d(o) be the third derivative of -o**5/60 + o**4/4 + o**3/3 - o**2. Calculate d(n).
2
Let c(o) = 2*o + 3*o - 520954 - 23*o + 520745 + o**2. Give c(26).
-1
Let f(z) = z**3 - 6*z**2 - 3*z. Suppose g + 4*s - 115 = -4*g, -115 = -5*g + 5*s. Suppose 194 = g*l + 56. Calculate f(l).
-18
Let s(b) = -391 + 2*b**3 - b**3 + 7*b**2 + 400 + 3*b. Let q = 2 + -9. What is s(q)?
-12
Let z(y) = 146*y**2 + 414 - 145*y**2 + 413 - 821 + 17*y. Determine z(-5).
-54
Let h(b) = -2*b**2 + 22 - 9419*b + 0*b**2 + 9408*b. Calculate h(2).
-8
Let q(m) = 3*m**3 + 12*m**2 - 38*m + 6. Let u(t) = -2*t**3 + t - 4. Let x(g) = q(g) + 2*u(g). Calculate x(6).
-2
Suppose 153 = y - 5*n - 12, 5*y - 3*n - 803 = 0. Let g = -151 + y. Let k(s) = 3*s - 22. Calculate k(g).
5
Let n(g) = 2*g - 2. Suppose 14 = -s - 0*s. Let q be (-6 - -8)*s/(-4). Give n(q).
12
Let l(v) = 27*v + 69. Let j(p) = 18*p + 49. Let w(i) = 7*j(i) - 5*l(i). What is w(-3)?
25
Let t(f) = f**2 - 8*f - 10. Suppose 5*b + 1218 = -197. Let w = b - -293. Give t(w).
10
Let s = -43 + 50. Suppose -77 + 21 = -s*y. Let x(d) = 6*d**3 + 0*d**3 - y*d**2 - 11 + 4*d**3 - 11*d**3 - 2*d. What is x(-8)?
5
Let h = 8016 - 8020. Let z(a) = -38*a - 149. Calculate z(h).
3
Let h(s) = s**3 - 6*s**2 - 12*s - 2. Let m(t) = 35*t - 27. Let b be m(1). Give h(b).
30
Let h(b) = 12*b**2 - 9*b + 17. Let y(l) = 19*l**2 - 13*l + 28. Let x(w) = -8*h(w) + 5*y(w). Let j be 0 + 1 - ((2 - 4) + -4). Give x(j).
4
Let x = 37 - 30. Let u(k) = x - k + k - k**2 + 6*k. Suppose 25*h = 20*h + 35. Give u(h).
0
Let f = 11406 - 11406. Let g(c) = -4*c + 4 - 3*c + 6*c. Calculate g(f).
4
Let a(u) = 6*u**2 - 7*u + 6. Suppose 38*k = 3 + 149. Determine a(k).
74
Suppose 0 = 78*r + 52*r - 650. Let i be 7 + -6 - (1 + 0). Let k(j) = -5*j**2 + j**3 + 2 + 1 + i*j - j. Determine k(r).
-2
Let c = 1 - 5. Let z(v) = -6*v + 3. Let s(q) = -7*q + 3. Let j(g) = c*s(g) + 5*z(g). Let n = -14 + 11. Give j(n).
9
Suppose 4*i = -i - 6*i + 88. Let h(z) = z**3 - 9*z**2 + 5*z + 26. Give h(i).
2
Let d(h) = 37*h**2 + 12*h**2 + 12*h**3 + 12 + 4*h - 56*h**2 - 13*h**3. What is d(-7)?
-16
Let c(q) = -4*q - 1. Let m be 4 - 7/(7/(-5)). Let u(w) = -2*w**3 + 20*w**2 - 18*w + 8. Let g be u(m). What is c(g)?
-33
Let a(v) = -v**2 - 6*v + 7. Let h = 27 - 23. Suppose -5*c + 138 = 4*l + 1, 0 = -h*l - 3*c + 135. Suppose -l*y + 30*y - 21 = 0. What is a(y)?
0
Suppose -20 = 5*f, 2*x + 6 =